- 18 - (-2 + 18)) + (1 - 0)?
7
-1 + 3 + -3 - (-23 - -43 - 13)
-8
Calculate 1 - 3 - (1 + -8 - (14 + -15)).
4
Evaluate -6 + 14 - (18 + 1).
-11
8 + (1 - (1 - -6)) + 0
2
Evaluate -9 + 28 + 1 + -12 + -20.
-12
6 + (-21 - 1) - -5 - -3
-8
Evaluate -9 - (2 - (8 + -1)) - (-10 - -5).
1
Evaluate 598 - 610 - (-1 + -22).
11
3 + -12 + (-20 - -14 - (2 + 2))
-19
(-32 - (-8 - 8)) + 0
-16
What is the value of 36 + 64 + -99 - ((0 - 1) + -4)?
6
What is (-19 - (-11 - 20)) + -14?
-2
Calculate (0 - (-5 - -1 - 4)) + 0 + 8.
16
(0 - 6 - -2) + 1 + 8 + -3
2
What is 40 - (22 - (-24 - -16))?
10
Calculate -4 - (18 - 8 - (1 + 19)).
6
Calculate -12 + 23 + -14 - (-17 + 3 + -2).
13
What is the value of -16 + 10 + -1 + -6 - 4?
-17
What is the value of 2 + (4 + -12 - -5) - -1?
0
Calculate -28 - (-46 - (7 - 36)).
-11
5 + 5 + 0 + -9 + -7
-6
166 + -171 + (10 - -1)
6
Calculate (1 - -2) + (27 - 23) - -2.
9
What is the value of -5 + -3 + (-2 - -24)?
14
What is the value of 4 + (1 - 38) - (-264 - -259)?
-28
What is the value of 22 + (15 - 24) + -9 - (35 - 0)?
-31
What is -78 + 102 - ((-3 - -5) + 5)?
17
Evaluate (-78 - -35) + 2 - -15.
-26
Calculate -3 + (-22 - (-12 - 12)) + -3 + 1.
-3
Calculate -5 - ((3 + -1 - 4) + -8).
5
What is 1 + 3 - (-49 + 34)?
19
What is (-2 - (8 - 9) - -3) + (0 - 16)?
-14
Evaluate -22 + 2 + 8 + 11.
-1
Calculate -3 + 7 + -18 + 2 + -10.
-22
Calculate -1222 + 1243 + (-2 - 23).
-4
What is (13 - (-42 + 33)) + -15?
7
What is 16 + (-14 - -1 - 6)?
-3
Calculate -22 + 28 - (2 - (3 + 1)).
8
What is 15 - (-7 + 1 + 11 + 0)?
10
Calculate -545 + 542 + (12 - 0).
9
What is the value of (-5 - -4) + -31 + (-28 - -32) - -9?
-19
Calculate -6 + (-5 - 3) - -1 - -4.
-9
Evaluate -13 - -21 - -7 - 22.
-7
Calculate (-82 - -114 - (21 - 6)) + 1 + 5.
23
Evaluate 17 + -6 + (-10 - -13).
14
What is -10 - (-5 + 9 + -15 + -34)?
35
Evaluate 7 + 3 - -79 - 48.
41
Calculate 17 + (-9 - (-2 + -8) - (-9 - -6)).
21
Evaluate (-1 - -8 - 7) + 6 + 1 + -6.
1
25 + -10 + -14 + (-1 - (-1 - -7))
-6
Calculate 7 - ((7 - (-4 - 1)) + -5) - -11.
11
What is 12 + 20 + -6 - 11?
15
Calculate 4 + (3 - (2 + 4) - -12).
13
Calculate -8 - (-1 - 11) - 6 - 4 - 8.
-14
What is the value of 2 - 8 - (3 + -11 + 6 + -28)?
24
What is -2 - (26 - (-10 + (3 - -10)))?
-25
Evaluate 16 - (4 - 2 - (16 - 14)).
16
0 + -1 + 9 + -4 + -8
-4
Evaluate (-8 - 0) + -44 + 38 + 33.
19
What is the value of -8 - (-15 + -3 + (51 - 37))?
-4
15 + (6 - -3) + (-3 + 1 - 8)
14
Evaluate -1548 - -1514 - (2 - 54).
18
What is 10 + -40 + 30 - (-3 + -2)?
5
What is the value of -10 - 3 - (18 + -50 - -6)?
13
What is the value of -2 - 10 - (46 + -45)?
-13
Evaluate -1 + -3 - 12 - -27.
11
Calculate 17 + -14 + -12 + 0 - -15.
6
-608 - -636 - (1 + 24)
3
Evaluate -7 + 37 + -26 - (-17 - 0).
21
1 + (6 - -3) + 12 - 11
11
Evaluate 2 + -1 + (-106 - -107).
2
Evaluate (4 - -5) + -2 + (9 - 9).
7
4 + 0 - (-4 - (7 - 0))
15
Calculate 0 + 17 - (494 - 483).
6
Evaluate (15 - 7) + 31 - 16.
23
(-17 - -7) + (35 - 24)
1
Evaluate (-1 - -8 - 16) + (5 - 1).
-5
What is 27 + -49 - (-1 - 19)?
-2
What is the value of 30 + -26 + -40 + 59?
23
Calculate 43 + -33 - (-2 + 0 - -7) - 13.
-8
-5 + 3 + 21 + -40
-21
13 - (2 - (18 - 18))
11
What is 17 - (6 + (5 - -1) + -6)?
11
What is the value of 28 - (4 + 14) - (10 + -1)?
1
Calculate 1 + -5 - (-48 + 29 + 2).
13
Evaluate 2 - (11 + -16) - (-3 - (-5 + 1)).
6
Evaluate (-5 - (-6 + 4)) + (-1 - 9).
-13
What is the value of -18 - (-30 + -42 + 60)?
-6
Evaluate -30 - (12 - 23 - 4).
-15
What is 1 + (-5 - -8) + 11?
15
What is the value of 5 - ((2 - -2) + -2 - 1)?
4
What is (26 - (26 - 3)) + 0 + -3 + 10?
10
-15 - -54 - 23 - 16
0
What is 5 - (-1 - -3 - 7)?
10
What is the value of -106 + 133 + -17 + (-12 + 0 - -1)?
-1
27 + -22 - -6 - -3
14
What is the value of 5 + -6 + -5 + -4 + -5?
-15
Evaluate -5 + (5 - (9 - 2) - -12).
5
Evaluate (4 - 1) + (2 + -15 - (4 + -10)).
-4
27 + 18 + 1 + -29
17
What is the value of (29 + 1 - (-15 - -14)) + (-26 - -18)?
23
Calculate 3 + -4 + -19 + 26.
6
What is the value of 4 + (43 - 24) + -14?
9
Evaluate 1 - 19 - (-4 - (0 + (1 - 4))).
-17
-14 + 8 + -4 + 10 + -13
-13
Evaluate 8 + (8 - 13) + 4 + -13.
-6
Evaluate 1 + 3 + 467 + -456 + 16.
31
Evaluate -1 + 2 + -1 + 17 - (548 + -543).
12
What is the value of 0 + 2 - (10 - (-5 + 16)) - -4?
7
What is 6 + (-29 - 0 - (-23 - -17))?
-17
526 + -496 - (8 + -1)
23
What is -1 + 22 - (-479 - -492)?
8
What is 8 + -7 - (3 + -4 + 9)?
-7
What is the value of -17 + -4 + (-1 - (-3 - 1)) + 5?
-13
(-73 - -69) + (-8 - -2)
-10
Calculate (-1 - -14) + -1759 + 1741.
-5
What is the value of 3 + (7 - (-3 + (-14 - -11)))?
16
Calculate 20 + -22 + 21 + -14.
5
What is (-2 - -2 - (0 + 4 + 6)) + -3?
-13
What is the value of -8 + (0 + -6 - (1 + -5)) + 9?
-1
Calculate 16 + -25 - -22 - -4.
17
Calculate -7 + 18 + 8 - -1 - 8.
12
Evaluate (0 - -2) + (-385 - -382).
-1
Calculate 28 + -52 - (-18 + -8).
2
What is the value of -9 + -11 - -12 - (0 + -1 - 0)?
-7
Calculate 22 - (13 - (35 + -22)).
22
20 - (76 - 9) - -27
-20
What is -1 + -4 + 2 + (-3 + 19 - 8)?
5
What is -30 - ((19 - 20) + -4)?
-25
What is the value of -165 - -135 - (-14 + 2 - 2)?
-16
20 + -5 + (-1 - 1 - 0)
13
Calculate (-15 + 43 - 26) + -9.
-7
Calculate -2 + 5 - (6 + -8 + 2 + 3).
0
What is -14 - ((18 - 13) + -3) - -34?
18
(-57 + 23 - 1) + 65
30
Evaluate 3 + (7 + -5 - 8 - 0) - -22.
19
-485 - -453 - (-37 - 1)
6
Calculate 0 - 1 - (-10 - -13) - (-42 + 32).
6
What is the value of -32 - -3 - (-6 - 8)?
-15
What is the value of -12 - (9 + (-12 - -7))?
-16
Evaluate -22 - (-2 + 9 + -41).
12
Evaluate -6 + 14 + (6 - 17).
-3
18 + (17 - -15) + -35
15
What is the value of (0 - -7) + -9 + (-3 - 13) + 6?
-12
Calculate -13 + -10 + 45 + -25.
-3
What is the value of -10 - (-45 - (9 - 22))?
22
Calculate -22 - (-37 - -28) - (-3 + -3).
-7
What is the value of -46 - (28 - 89) - (-9 - 0)?
24
Calculate 5 - (14 + -2 + -3 + (-5 - 2)).
3
What is (-1 - 6) + 17 + -2 - -1?
9
Evaluate (-8 - -6) + (1 - -3 - (-4 + -4)).
10
14 - ((19 - 14) + -6 + (7 - 3))
11
Calculate 21 + 21 + -67 - -13.
-12
Calculate 15 + ((3 - -9) + -7 - 13).
7
What is the value of 389 - 406 - (4 + -8 - -1)?
-14
What is the value of 5 - ((-4 - -7 - -3 - 8) + 32)?
-25
Calculate -2 + -3 + 1 + (-4 - -10).
2
What is the value of (-17 - -9) + (14 - 11 - 13)?
-18
What is the value of (6 - 9) + 12 + -9 + -8?
-8
What is the value of -3 + 3 + -2 + -2 - (5 - 27)?
18
Calculate 0 - (-1 + 2 + 0 + (-8 - -17)).
-10
Calculate (-5 - (1 - 43)) + -41.
-4
Calculate 10 - (-2 - (-17 + -5)).
-10
Calculate 5 + 0 - ((-11 - 7 - -13) + 1).
9
Calculate 61 + -79 - (-4 - 32).
18
Calculate -10 + (-4 + -15 - -7) + 9.
-13
What is the value of -6 + (-3 - 5 - (-21 + -7))?
14
Calculate 4 + -19 + (-29 - -48).
4
What is the value of -2 - (3 - (-6 + 4))?
-7
-1 + (-25 - -20) + 28
22
Calculate (-1 + -4 - -14 - (9 - 6)) + -7.
-1
What is the value of -13 + -7 + 17 + (21 - 40)?
-22
What is the value of (0 - -1) + (125 - 126)?
0
5 + -6 + -12 + 5
-8
13 - (9 + -6 - (5 + (-7 - -4)))
12
Evaluate (0 - 2) + -1 + -20 + 6.
-17
0 + -8 + 41 - (-33 - -28)
38
What is the value of -1 + 8 + -23 + 15?
-1
Calculate -61 - -46 - (-13 - -3).
-5
Evaluate (6 + -22 + 11 - (-26 - 1)) + 2.
24
Calculate -47 + 48 + -7 + 44.
38
What is the value of 12 + (-14 - -18) + -7?
9
What is 21 - -12 - 24 - 10?
-1
Calculate (12 + -5 - -2) + -3 + -4 - -16.
18
What is the value of 9 - ((1 - (-8 + -3)) + -11)?
8
Evaluate (-14 - (-25 - -13)) + 13.
11
Evaluate -8 - (2 + 1 + (13 - 9) - 4).
-11
Evaluate -11 - ((-1 - -8) + 179 + -173).
-24
Calculate 54 + (-39 - 23) - (-2 + 8).
-14
What is (-12 - 22 - -31) + 25?
22
What is the value of 9 + (5 - 5) + -11 + 15?
13
Calculate -11 - (28 + 7 - 18).
-28
Evaluate (1 - 3) + (21 - 9 - 24).
-14
16 + -18 + -11 + -1
-14
-4 + 14 - (1 - -2) - 10
-3
What is the value of (21 - (-27 - -76)) + (-4 + 1 - 1)?
-32
What is (3 - -15) + (-132 - -135)?
21
What is -20 - (-11 - -12 - 21)?
0
What is -1 - 2 - 6 - (-17 + 16)?
-8
Evaluate 23 - 20 - (2 - 10).
11
What is -30 + 39 + (-22 - -38)?
25
1 + 14 + -18 + (-6 - 4)
-13
0 - 1 - (0 + 4 + (-9 - -4))
0
What is (7 - (8 + -22)) + -11 + -6?
4
Evaluate (2 - 0 - 10) + 14.
6
Evaluate 6 + (-10 + 12 - 0 - -2).
10
What is (-3 - -9 - 1 - -3 - 24) + 6?
-10
4 - ((-6 + 2 - -8) + 3 + -11)
8
15 + -1 + -11 - -14
17
What is the value of (1 - 10 - -12) + 29 + -25?
7
-10 + 15 + -2 + 11
14
W